uate (16 - 35) + 16 - 16 - -89.
70
Calculate -50 + (-33 - -93) + 11.
21
Calculate -15 + -109 + 117 + (-4 - 1) + 109.
97
Evaluate 33 - (41 - (70 - 49)).
13
Calculate 38 + -11 - (0 + -14 + 7).
34
Evaluate 20 + 1 + (7 - 2) + (-10 - -19).
35
Evaluate -99 - (-25 - -24 - 52).
-46
What is -35 + (56 - 25) + 34?
30
(33 - 15 - 4) + -1 - (8 - 2) - -7
14
What is the value of -22 - ((5 - -17 - 25 - 10) + -10)?
1
Evaluate -11 + 52 + (-18 - (-8 - 19)).
50
What is the value of 91 - 76 - ((7 - 5 - 68) + 6)?
75
What is -7 - (9 - 8 - 32) - 1 - (19 + -23)?
27
What is the value of -1 + 24 - (17 - (-26 + -31))?
-51
6 - (-91 + (22 - -34))
41
What is the value of 66 - (102 - 94 - (0 - -15) - -23)?
50
What is the value of 3 - -2 - (15 + (-118 - -50))?
58
What is the value of 33 - (-2 + -18 + (-16 - -28))?
41
Calculate 54 + -7 + (183 - 186).
44
What is the value of (376 - 367) + 26 + 3 + -1?
37
Calculate -112 + 12 + -6 + -5 + (27 - 58) + 21.
-121
Evaluate 0 + 85 + 1005 + -1053.
37
(-58 + 2 - (-336 - -324)) + 13
-31
79 + (-50 - (-88 + 78))
39
What is the value of (-10 - 4 - (51 + (40 - 80))) + -15?
-40
Evaluate -7 + -34 + (-42 - -89) + 92 + -2.
96
Calculate 25 + -54 + 30 + (9 - (-3 - -5)) + 3.
11
Calculate (19 - (-59 + 27)) + (1 - (6 - 7)) + -7.
46
Evaluate -88 + 112 + -19 + -39.
-34
Evaluate (-11 - -18) + 2 + 4 - (29 + 9 + 75).
-100
What is (-40 - 0) + -1 + 59 + -37?
-19
What is the value of -25 - -20 - (-18 - (-4 + 93 - 0))?
102
(-10 - -6) + -12 + 15 + (7 - 0) + -70
-64
What is the value of 2 + 32 - 0 - ((-14 - -39) + -24 + -3)?
36
Evaluate 0 + -11 + ((2 - -2) + 45 - -7).
45
Evaluate 123 - (-17 + (-13 - -20) + 26).
107
Calculate -67 + 74 + 106 - 77.
36
Calculate -60 - ((-7 - -1) + -19) - (1 + 0 - 7).
-29
Evaluate (72 - 58) + -22 + 11.
3
Calculate (15 - 42 - -97) + -43.
27
Calculate (0 + -2 - (12 - 4)) + (-22 - 4).
-36
What is the value of 30 - (3 + (-23 - -16) + -7 + 10)?
31
Evaluate -6581 - -6475 - (-88 - 4).
-14
Evaluate 48 - (73 - (31 + 14)).
20
Calculate 101 + -47 + -30 + 8.
32
What is the value of -67 - (-34 + (-17 - -3))?
-19
What is the value of (-24 + 26 + -28 + 33 - (5 + 1)) + -60?
-59
Calculate 35 + 18 + 56 + -72.
37
Evaluate 5 + (3 + -12 - -16) + -7 + -19.
-14
(21 - 79 - -6) + (-5 - (19 + -5))
-71
What is -135 + 16 + -80 + 25 + 49?
-125
Calculate -18 - (57 + -31 + -92) - 3.
45
What is 59 - (19 - (-22 - -30))?
48
What is the value of 17 + (-4 - 34) + (-6 + 2 - -3)?
-22
Calculate 116 - (34 + 55) - 109.
-82
(338 - 178) + -181 + (1 - -104)
84
Evaluate -76 + 9 + -12 - -22.
-57
What is the value of -65 + (-83 - (22 - 92))?
-78
What is -7 + 8 - (39 + -52)?
14
What is -60 + (-37 + 11 - -26 - -6)?
-54
(-7 - (4 - (0 + -3))) + (9 - 12) + 7
-10
121 + (57 - 64) - 36
78
104 + -129 + 77 + -32
20
Evaluate 11 + (-1 - -3) + -2084 + 1995.
-76
39 + (-56 - (31 - 90))
42
What is the value of 3 + (-15 - (10 - 70) - (-3 + -3) - -8)?
62
60 + -26 - 49 - (2 - 58)
41
18 - (-15 - -21 - -7) - -18
23
Calculate 46 + 7 + 3 + -4 + (-9 - -2) + 5.
50
Evaluate -35 - -37 - (-1 - -3) - -7 - (1 + -19).
25
What is 30 + 41 - 34 - 44?
-7
Calculate 37 - ((-33 - -34) + -5).
41
Calculate (26 - 17 - (4 + -2)) + -17 - (-18 - -54).
-46
-23 + (2 + 21 + 4 - -28)
32
(143 - (41 - 19)) + (-38 - -14)
97
What is -80 - (23 - 19 - 116)?
32
Calculate 2 - (4 - -1 - (-58 + -17 - -47)).
-31
Calculate (540 - 433) + 6 + -32 + 5.
86
What is (-48 - 2) + (162 - 93) + -81?
-62
9 + (3 - (-2 - -4)) - (-11 - (14 + -86))
-51
Evaluate (-35 - (40 - 7) - 24) + (4 - 0) + 12.
-76
What is the value of 21 + -24 - -49 - 15?
31
6 - (98 - 31 - 44)
-17
Evaluate -36 + (-34 - (-32 + -23 - -15)).
-30
Evaluate 1 + -26 - (31 + -14 + 4 + 4 + -25).
-25
(0 - 36) + (-122 + -24 - -119)
-63
Calculate 1 + 11 + 2 - (45 - 69 - -55).
-17
What is the value of 55 + 1 + (59 + -36 - 29)?
50
What is the value of -6 + 80 + (-30 - -36 - -6) + -19?
67
Evaluate (6 - (-4 - -6)) + -7 + (248 - 181).
64
What is the value of 84 + -100 + (3 - (18 - 11))?
-20
What is the value of -9 + -2 - (368 - 361 - (1 + 9)) - 11?
-19
2 + -11 + (39 - (20 + -1) - 34)
-23
What is 148 + -108 + (-54 - 5)?
-19
Calculate (36 - 41 - -3) + -42.
-44
What is -58 + 6 - (-698 + 595)?
51
-18 - (15 + (22 - 28) + 7)
-34
What is the value of 20 + 1 + -5 + (7 - 4) + 27?
46
What is the value of 249 - 240 - (28 - -40)?
-59
-53 + (2 - -5) - (4 - (-4 + 14))
-40
Calculate (-4 + 53 - (5 - (-4 - -6))) + -9.
37
What is the value of (-11 - -9 - 3 - (-28 + -1)) + -16 + 18?
26
What is the value of 3 - (-15 + 6 + -8 + -7 - -11 - 0)?
16
What is the value of -71 + 12 + 31 + 29 - (-83 + -2 + 1)?
85
Calculate (13 - 13) + -4 - 78 - (-5 - (-2 - 3)).
-82
Evaluate 85 + (-52 + -41 - -45).
37
Evaluate (-4 - (1 + 20)) + 143 + (-5 - (-3 + -2)).
118
What is the value of (76 - 34) + -40 - 17?
-15
What is (-2 - -2) + -7 + -2 + -26 + -3?
-38
Evaluate 56 + -15 + -21 + 28.
48
Calculate -1 + (5 - 36) + (26 - 11).
-17
Evaluate (25 - (5 - 4)) + (-53 - 187 - -84).
-132
47 - (743 + -720 - (9 + -1))
32
Evaluate -71 + 273 + -156 - (-1 - (-7 - -1)).
41
Calculate (3 - (-10 - 6)) + (33 - (-43 - -27)).
68
What is -98 - 1 - (139 + 105 - 246)?
-97
Evaluate -3 - ((37 + (-27 - -9) - 142) + -3 + -1).
124
Evaluate -1089 + 1131 + -1 + -49.
-8
What is 15 + -3 + -33 - -8 - (7 + 61)?
-81
25 + -26 + -32 - -55
22
What is 4 + 0 + 19 + (14 - ((-2 - 6) + 16))?
29
Evaluate (-53 - (-28 + -16)) + -9.
-18
What is the value of 2 + 6 + (-1 - 64) + (11 + -5 - 1)?
-52
Evaluate -3 + -33 + 4 - (419 + -414).
-37
What is the value of -17 + 6 - (-7 - 6) - (42 - -60)?
-100
Calculate 4 + -2 - (-11 + 10 + (-13 - -18)).
-2
What is the value of (-73 - (-189 + 64)) + -109?
-57
8 - (8 + (-10 + 22 - 20)) - 1
7
Evaluate ((-5 - 2) + -5 - (-178 - -183)) + 127.
110
Calculate -50 - (-8 + 5) - (-7 + -6 + 8 + -4).
-38
24 + (25 - 0 - (835 + -667))
-119
What is the value of (18 + -90 - -8) + 45?
-19
182 - 142 - (93 + -18)
-35
What is the value of -25 - (15 - 46 - -19) - 6?
-19
Evaluate -25 - (-30 - 64) - (15 - -6) - -12.
60
-60405 - -60420 - (17 - (2 - 2 - 0))
-2
What is -18 + (-122 - (-51 - 23))?
-66
What is the value of 1 + 3 - (20 - (-15 + 41 - 18)) - -5?
-3
Calculate (-85 - (-11 - 29)) + 16.
-29
-286 + 189 - (-38 + -9)
-50
What is -10 - (9 - 10 - (-6 - -16)) - 17?
-16
What is the value of (-1 - 41 - (-1856 - -1835)) + -48?
-69
What is -51 - ((-16 - (-18 - -9) - 8) + -3 + 12)?
-45
-375 + 321 - (-15 + -4)
-35
Calculate 9 + 1 + (-18 - (-22 - 14)).
28
Evaluate (-55 - -61) + (-2 - 31) - (4 - -1).
-32
Evaluate 1 + 55 - ((-258 - -115) + 166).
33
What is -62 - (-433 + 313) - (1 + (-2 - -2) - -2)?
55
Evaluate (-24 - 33) + -17 + (-4 - (-4 - 10) - 2).
-66
Evaluate -48 + (-12 - (51 - 173)).
62
What is the value of -15 + -1 - (-970 + 947)?
7
(8 - (-14 - (66 - 1))) + 7 + -13
81
What is -18 + (7 - -4) + (12 - -1) + 12?
18
-14 - (-62 - -96) - -145
97
Evaluate (26 - 30) + (-9 + -2 - (-4 - -3)).
-14
What is the value of (28 - (40 + -5)) + 80 + -2 + 2?
73
Evaluate 45 - (-28 - (15 - 27) - -25).
36
Evaluate -4 + (24 + -5 - (-2 + (25 - 10))).
2
Calculate -11 + (-61 + 64 - 86).
-94
Evaluate -8325 + 8247 + (0 - 14).
-92
Calculate 3 + 16 + (-1 - (0 + -2)) + -228 + 238.
30
-88 + -66 + 179 + -117 + 4
-88
What is (346 - 357) + 4 + 1 + -1 + -98 + 85?
-20
Calculate 91 + 0 + 3 - (15 - (-76 + 83)).
86
(1 - (1 - 0)) + -1 - (110 + (-11 - 160))
60
2 + -1 + 5 - (16 - (24 - 37 - -41))
18
Calculate 55 + -46 - 14 - 25.
-30
Evaluate (-1 + -9 - (61 + -215)) + (-6 - -7).
145
Calculate -54 + (6 - -27) + 43.
22
Calculate (27 - 56) + -39 + 114.
46
Calculate (3 - 0 - -15) + (-105 - (-28 + 4)).
-63
(-9 - (16 - 13)) + -6 + 18
0
100 + (15 - 7) + 58 + -28 + -41
97
What is the value of 1 + 33 - (-2 + -1 - (17 + -13))?
41
What is (-1338 - -1282) + (8 - -1) + -4 + -2?
-53
What is 1 + (-136 - (15 - (-12 + 29) - 17))?
-116
Calculate -11 + (-27 + 45 - (33 + -1)).
-25
What is the value of -27 - (104 + -77 + 18)?
-72
1 + 4 + (32 + -5 - 8 - 17)
7
What is 5 + (-12 - (-4 + 16 - 19)) + 6?
6
Calculate -6 + (7 - 6) + 4 - (-14 - (55 - 23)).
45
What is (30 - -15 - 75) + 66?
36
What is 10 + (30 - (-3 - -14)) + -18?
11
Calculate (1 - 96) + 0 + -31 + 2 + -1439 + 1483.
-80
Calculate 10 + (-279 + 266 - (-9 - 0)) + -157 + 3.
-148
Evaluate 11 + -4 + -8 + (3 - 8) + 1 + 40.
35
What is (-2 + 4 - (41 - (15 - (-11 + 16)))) + -4?
-33
Calculate (27 - (6